{"id":84,"date":"2026-02-19T13:59:19","date_gmt":"2026-02-19T13:59:19","guid":{"rendered":"https:\/\/stimulmouv.com\/?page_id=84"},"modified":"2026-02-24T21:47:11","modified_gmt":"2026-02-24T21:47:11","slug":"qui-sommes-nous","status":"publish","type":"page","link":"https:\/\/stimulmouv.com\/index.php\/qui-sommes-nous\/","title":{"rendered":"Qui sommes-nous ?"},"content":{"rendered":"\n<p>Bonjour, je m&rsquo;appelle Annie.<\/p>\n\n\n\n<p>Apr\u00e8s un parcours qui m&rsquo;a men\u00e9e \u00e0 vouloir donner un nouveau sens \u00e0 ma vie professionnelle, j&rsquo;ai choisi de me tourner vers ce qui me tient vraiment \u00e0 c\u0153ur: Les stimulations cognitives et corporelles&nbsp;<\/p>\n\n\n\n<p>En janvier 2026, j&rsquo;ai eu le grand plaisir de suivre la formation de la m\u00e9thode \u00ab\u00a0CREADIAZ\u00a0\u00bb et c&rsquo;est avec une grande fiert\u00e9 que j&rsquo;ai obtenue ma licence.<\/p>\n\n\n\n<p>V\u00e9ritable gymnastique mentale et corporelle, cette m\u00e9thode alterne exercices ludiques, mouvements adapt\u00e9s et activit\u00e9s de m\u00e9moire.<\/p>\n\n\n\n<p>Elle s&rsquo;appuie sur les neurosciences et favorise la plasticit\u00e9 c\u00e9r\u00e9brale, la coordination et le lien social.<\/p>\n\n\n\n<p>Cette m\u00e9thode s\u2019adresse aussi bien aux&nbsp;<strong>enfants<\/strong>,&nbsp;<strong>adultes<\/strong>,&nbsp;<strong>seniors autonomes ou d\u00e9pendants<\/strong>, qu\u2019aux&nbsp;<strong>personnes atteintes de troubles cognitifs<\/strong>, de handicaps visibles ou invisibles.<\/p>\n\n\n\n<h2 class=\"wp-block-heading\"><strong>Exercices de Stimulations : pr\u00e9sentation de la m\u00e9thode<\/strong><\/h2>\n\n\n\n<h3 class=\"wp-block-heading\"><strong>&nbsp;En quelques mots ?&nbsp;<\/strong><\/h3>\n\n\n\n<p>Il s\u2019agit d\u2019une m\u00e9thode innovante, elle est \u00e0 la fois ludique, inclusive et interg\u00e9n\u00e9rationnelle, visant \u00e0 entretenir et \u00e0 stimuler les capacit\u00e9s cognitives et physiques de chaque individu.<\/p>\n\n\n\n<h3 class=\"wp-block-heading\"><strong>&nbsp;Comment \u00e7a fonctionne ?<\/strong><\/h3>\n\n\n\n<p>Les activit\u00e9s propos\u00e9es dans cette approche reposent sur 3 \u00e9l\u00e9ments :<\/p>\n\n\n\n<div class=\"wp-block-media-text is-stacked-on-mobile\" style=\"grid-template-columns:15% auto\"><figure class=\"wp-block-media-text__media\"><img loading=\"lazy\" decoding=\"async\" width=\"500\" height=\"500\" src=\"https:\/\/stimulmouv.com\/wp-content\/uploads\/2026\/02\/Cerveau.jpg\" alt=\"\" class=\"wp-image-91 size-full\" srcset=\"https:\/\/stimulmouv.com\/wp-content\/uploads\/2026\/02\/Cerveau.jpg 500w, https:\/\/stimulmouv.com\/wp-content\/uploads\/2026\/02\/Cerveau-300x300.jpg 300w, https:\/\/stimulmouv.com\/wp-content\/uploads\/2026\/02\/Cerveau-150x150.jpg 150w\" sizes=\"auto, (max-width: 500px) 100vw, 500px\" \/><\/figure><div class=\"wp-block-media-text__content\">\n<p><strong>La stimulation cognitive&nbsp;:<\/strong><\/p>\n\n\n\n<p>ces exercices fonctionnent sur la base de jeux de m\u00e9moires, de langage, et d\u2019activit\u00e9s r\u00e9flexives ainsi que des ateliers cr\u00e9atifs avec ou sans supports<\/p>\n<\/div><\/div>\n\n\n\n<div class=\"wp-block-media-text is-stacked-on-mobile\" style=\"grid-template-columns:15% auto\"><figure class=\"wp-block-media-text__media\"><img loading=\"lazy\" decoding=\"async\" width=\"500\" height=\"500\" src=\"https:\/\/stimulmouv.com\/wp-content\/uploads\/2026\/02\/Humain.jpg\" alt=\"\" class=\"wp-image-92 size-full\" srcset=\"https:\/\/stimulmouv.com\/wp-content\/uploads\/2026\/02\/Humain.jpg 500w, https:\/\/stimulmouv.com\/wp-content\/uploads\/2026\/02\/Humain-300x300.jpg 300w, https:\/\/stimulmouv.com\/wp-content\/uploads\/2026\/02\/Humain-150x150.jpg 150w\" sizes=\"auto, (max-width: 500px) 100vw, 500px\" \/><\/figure><div class=\"wp-block-media-text__content\">\n<p><strong>La stimulation corporelle&nbsp;:<\/strong><\/p>\n\n\n\n<p>ces exercices consistent \u00e0 allier des respirations et de la sophrologie et en de la reproduction de mouvements m\u00e9moris\u00e9s<\/p>\n<\/div><\/div>\n\n\n\n<div class=\"wp-block-media-text is-stacked-on-mobile\" style=\"grid-template-columns:15% auto\"><figure class=\"wp-block-media-text__media\"><img loading=\"lazy\" decoding=\"async\" width=\"500\" height=\"500\" src=\"https:\/\/stimulmouv.com\/wp-content\/uploads\/2026\/02\/CerveauHumain.jpg\" alt=\"\" class=\"wp-image-93 size-full\" srcset=\"https:\/\/stimulmouv.com\/wp-content\/uploads\/2026\/02\/CerveauHumain.jpg 500w, https:\/\/stimulmouv.com\/wp-content\/uploads\/2026\/02\/CerveauHumain-300x300.jpg 300w, https:\/\/stimulmouv.com\/wp-content\/uploads\/2026\/02\/CerveauHumain-150x150.jpg 150w\" sizes=\"auto, (max-width: 500px) 100vw, 500px\" \/><\/figure><div class=\"wp-block-media-text__content\">\n<p><strong>la combinaison des 2 stimulations&nbsp;:<\/strong><\/p>\n\n\n\n<p>les participants vont ainsi faire des jeux de mots avec rythmes et intonations de voix, des associations de mots-couleurs avec mat\u00e9riel et des reproductions de chor\u00e9graphies de mouvements m\u00e9moris\u00e9s avec ou sans musique, un travail d\u2019imaginations et de cr\u00e9ations d\u2019histoires par groupe<strong>.<\/strong><\/p>\n<\/div><\/div>\n\n\n\n<h2 class=\"wp-block-heading\"><strong>Sur quoi repose la construction des s\u00e9ances de stimulations ?<\/strong><\/h2>\n\n\n\n<p>&nbsp;La conception des s\u00e9ances repose essentiellement sur quatre piliers th\u00e9matiques&nbsp; :<\/p>\n\n\n\n<div class=\"wp-block-columns is-layout-flex wp-container-core-columns-is-layout-9d6595d7 wp-block-columns-is-layout-flex\">\n<div class=\"wp-block-column is-layout-flow wp-block-column-is-layout-flow\">\n<p><strong>La Cognition<\/strong>&nbsp;:<\/p>\n\n\n\n<p>La concentration et la m\u00e9moire sont stimul\u00e9es dans une ambiance joyeuse et conviviale.<\/p>\n\n\n\n<p><strong>La Motricit\u00e9<\/strong>&nbsp;:<\/p>\n\n\n\n<p>Les mouvements et gestes de la vie quotidienne sont mis en avant pour maintenir la motricit\u00e9.<\/p>\n<\/div>\n\n\n\n<div class=\"wp-block-column is-layout-flow wp-block-column-is-layout-flow\">\n<p><strong>Le Bien-\u00eatre<\/strong>&nbsp;:<\/p>\n\n\n\n<p>Les hormones du bonheur sont activ\u00e9es en encourageant des activit\u00e9s telles que bouger, \u00e9changer, rire, f\u00e9liciter et encourager.<\/p>\n\n\n\n<p><strong>Le Lien Social<\/strong>&nbsp;:<\/p>\n\n\n\n<p>Les interactions et \u00e9changes positifs entre les participants sont favoris\u00e9s pour soutenir leur bien-\u00eatre mental.<\/p>\n<\/div>\n<\/div>\n\n\n\n<p><\/p>\n","protected":false},"excerpt":{"rendered":"<p>Bonjour, je m&rsquo;appelle Annie. Apr\u00e8s un parcours qui m&rsquo;a men\u00e9e \u00e0 vouloir donner un nouveau sens \u00e0 ma vie professionnelle, j&rsquo;ai choisi de me tourner vers ce qui me tient vraiment \u00e0 c\u0153ur: Les stimulations cognitives et corporelles&nbsp; En janvier 2026, j&rsquo;ai eu le grand plaisir de suivre la formation de la m\u00e9thode \u00ab\u00a0CREADIAZ\u00a0\u00bb et [&hellip;]<\/p>\n","protected":false},"author":1,"featured_media":6,"parent":0,"menu_order":0,"comment_status":"closed","ping_status":"closed","template":"","meta":{"_monsterinsights_skip_tracking":false,"_monsterinsights_sitenote_active":false,"_monsterinsights_sitenote_note":"","_monsterinsights_sitenote_category":0,"footnotes":""},"class_list":["post-84","page","type-page","status-publish","has-post-thumbnail","czr-hentry"],"yoast_head":"<!-- This site is optimized with the Yoast SEO plugin v27.3 - https:\/\/yoast.com\/product\/yoast-seo-wordpress\/ -->\n<title>Qui sommes-nous ? - Stimul&#039;Mouv<\/title>\n<meta name=\"robots\" content=\"index, follow, max-snippet:-1, max-image-preview:large, max-video-preview:-1\" \/>\n<link rel=\"canonical\" href=\"https:\/\/stimulmouv.com\/index.php\/qui-sommes-nous\/\" \/>\n<meta property=\"og:locale\" content=\"fr_FR\" \/>\n<meta property=\"og:type\" content=\"article\" \/>\n<meta property=\"og:title\" content=\"Qui sommes-nous ? - Stimul&#039;Mouv\" \/>\n<meta property=\"og:description\" content=\"Bonjour, je m&rsquo;appelle Annie. Apr\u00e8s un parcours qui m&rsquo;a men\u00e9e \u00e0 vouloir donner un nouveau sens \u00e0 ma vie professionnelle, j&rsquo;ai choisi de me tourner vers ce qui me tient vraiment \u00e0 c\u0153ur: Les stimulations cognitives et corporelles&nbsp; En janvier 2026, j&rsquo;ai eu le grand plaisir de suivre la formation de la m\u00e9thode \u00ab\u00a0CREADIAZ\u00a0\u00bb et [&hellip;]\" \/>\n<meta property=\"og:url\" content=\"https:\/\/stimulmouv.com\/index.php\/qui-sommes-nous\/\" \/>\n<meta property=\"og:site_name\" content=\"Stimul&#039;Mouv\" \/>\n<meta property=\"article:modified_time\" content=\"2026-02-24T21:47:11+00:00\" \/>\n<meta property=\"og:image\" content=\"https:\/\/stimulmouv.com\/wp-content\/uploads\/2026\/02\/Logo1.png\" \/>\n\t<meta property=\"og:image:width\" content=\"670\" \/>\n\t<meta property=\"og:image:height\" content=\"511\" \/>\n\t<meta property=\"og:image:type\" content=\"image\/png\" \/>\n<meta name=\"twitter:card\" content=\"summary_large_image\" \/>\n<meta name=\"twitter:label1\" content=\"Dur\u00e9e de lecture est.\" \/>\n\t<meta name=\"twitter:data1\" content=\"3 minutes\" \/>\n<script type=\"application\/ld+json\" class=\"yoast-schema-graph\">{\"@context\":\"https:\\\/\\\/schema.org\",\"@graph\":[{\"@type\":\"WebPage\",\"@id\":\"https:\\\/\\\/stimulmouv.com\\\/index.php\\\/qui-sommes-nous\\\/\",\"url\":\"https:\\\/\\\/stimulmouv.com\\\/index.php\\\/qui-sommes-nous\\\/\",\"name\":\"Qui sommes-nous ? - Stimul&#039;Mouv\",\"isPartOf\":{\"@id\":\"https:\\\/\\\/stimulmouv.com\\\/#website\"},\"primaryImageOfPage\":{\"@id\":\"https:\\\/\\\/stimulmouv.com\\\/index.php\\\/qui-sommes-nous\\\/#primaryimage\"},\"image\":{\"@id\":\"https:\\\/\\\/stimulmouv.com\\\/index.php\\\/qui-sommes-nous\\\/#primaryimage\"},\"thumbnailUrl\":\"https:\\\/\\\/stimulmouv.com\\\/wp-content\\\/uploads\\\/2026\\\/02\\\/Logo1.png\",\"datePublished\":\"2026-02-19T13:59:19+00:00\",\"dateModified\":\"2026-02-24T21:47:11+00:00\",\"breadcrumb\":{\"@id\":\"https:\\\/\\\/stimulmouv.com\\\/index.php\\\/qui-sommes-nous\\\/#breadcrumb\"},\"inLanguage\":\"fr-BE\",\"potentialAction\":[{\"@type\":\"ReadAction\",\"target\":[\"https:\\\/\\\/stimulmouv.com\\\/index.php\\\/qui-sommes-nous\\\/\"]}]},{\"@type\":\"ImageObject\",\"inLanguage\":\"fr-BE\",\"@id\":\"https:\\\/\\\/stimulmouv.com\\\/index.php\\\/qui-sommes-nous\\\/#primaryimage\",\"url\":\"https:\\\/\\\/stimulmouv.com\\\/wp-content\\\/uploads\\\/2026\\\/02\\\/Logo1.png\",\"contentUrl\":\"https:\\\/\\\/stimulmouv.com\\\/wp-content\\\/uploads\\\/2026\\\/02\\\/Logo1.png\",\"width\":670,\"height\":511},{\"@type\":\"BreadcrumbList\",\"@id\":\"https:\\\/\\\/stimulmouv.com\\\/index.php\\\/qui-sommes-nous\\\/#breadcrumb\",\"itemListElement\":[{\"@type\":\"ListItem\",\"position\":1,\"name\":\"Accueil\",\"item\":\"https:\\\/\\\/stimulmouv.com\\\/\"},{\"@type\":\"ListItem\",\"position\":2,\"name\":\"Qui sommes-nous ?\"}]},{\"@type\":\"WebSite\",\"@id\":\"https:\\\/\\\/stimulmouv.com\\\/#website\",\"url\":\"https:\\\/\\\/stimulmouv.com\\\/\",\"name\":\"Stimul&#039;Mouv\",\"description\":\"Stimulation cognitive et motrice pour tous les \u00e2ges\",\"publisher\":{\"@id\":\"https:\\\/\\\/stimulmouv.com\\\/#organization\"},\"potentialAction\":[{\"@type\":\"SearchAction\",\"target\":{\"@type\":\"EntryPoint\",\"urlTemplate\":\"https:\\\/\\\/stimulmouv.com\\\/?s={search_term_string}\"},\"query-input\":{\"@type\":\"PropertyValueSpecification\",\"valueRequired\":true,\"valueName\":\"search_term_string\"}}],\"inLanguage\":\"fr-BE\"},{\"@type\":\"Organization\",\"@id\":\"https:\\\/\\\/stimulmouv.com\\\/#organization\",\"name\":\"Stimul&#039;Mouv\",\"url\":\"https:\\\/\\\/stimulmouv.com\\\/\",\"logo\":{\"@type\":\"ImageObject\",\"inLanguage\":\"fr-BE\",\"@id\":\"https:\\\/\\\/stimulmouv.com\\\/#\\\/schema\\\/logo\\\/image\\\/\",\"url\":\"https:\\\/\\\/stimulmouv.com\\\/wp-content\\\/uploads\\\/2026\\\/02\\\/cropped-Logo1-1.png\",\"contentUrl\":\"https:\\\/\\\/stimulmouv.com\\\/wp-content\\\/uploads\\\/2026\\\/02\\\/cropped-Logo1-1.png\",\"width\":631,\"height\":466,\"caption\":\"Stimul&#039;Mouv\"},\"image\":{\"@id\":\"https:\\\/\\\/stimulmouv.com\\\/#\\\/schema\\\/logo\\\/image\\\/\"}}]}<\/script>\n<!-- \/ Yoast SEO plugin. -->","yoast_head_json":{"title":"Qui sommes-nous ? - Stimul&#039;Mouv","robots":{"index":"index","follow":"follow","max-snippet":"max-snippet:-1","max-image-preview":"max-image-preview:large","max-video-preview":"max-video-preview:-1"},"canonical":"https:\/\/stimulmouv.com\/index.php\/qui-sommes-nous\/","og_locale":"fr_FR","og_type":"article","og_title":"Qui sommes-nous ? - Stimul&#039;Mouv","og_description":"Bonjour, je m&rsquo;appelle Annie. Apr\u00e8s un parcours qui m&rsquo;a men\u00e9e \u00e0 vouloir donner un nouveau sens \u00e0 ma vie professionnelle, j&rsquo;ai choisi de me tourner vers ce qui me tient vraiment \u00e0 c\u0153ur: Les stimulations cognitives et corporelles&nbsp; En janvier 2026, j&rsquo;ai eu le grand plaisir de suivre la formation de la m\u00e9thode \u00ab\u00a0CREADIAZ\u00a0\u00bb et [&hellip;]","og_url":"https:\/\/stimulmouv.com\/index.php\/qui-sommes-nous\/","og_site_name":"Stimul&#039;Mouv","article_modified_time":"2026-02-24T21:47:11+00:00","og_image":[{"width":670,"height":511,"url":"https:\/\/stimulmouv.com\/wp-content\/uploads\/2026\/02\/Logo1.png","type":"image\/png"}],"twitter_card":"summary_large_image","twitter_misc":{"Dur\u00e9e de lecture est.":"3 minutes"},"schema":{"@context":"https:\/\/schema.org","@graph":[{"@type":"WebPage","@id":"https:\/\/stimulmouv.com\/index.php\/qui-sommes-nous\/","url":"https:\/\/stimulmouv.com\/index.php\/qui-sommes-nous\/","name":"Qui sommes-nous ? - Stimul&#039;Mouv","isPartOf":{"@id":"https:\/\/stimulmouv.com\/#website"},"primaryImageOfPage":{"@id":"https:\/\/stimulmouv.com\/index.php\/qui-sommes-nous\/#primaryimage"},"image":{"@id":"https:\/\/stimulmouv.com\/index.php\/qui-sommes-nous\/#primaryimage"},"thumbnailUrl":"https:\/\/stimulmouv.com\/wp-content\/uploads\/2026\/02\/Logo1.png","datePublished":"2026-02-19T13:59:19+00:00","dateModified":"2026-02-24T21:47:11+00:00","breadcrumb":{"@id":"https:\/\/stimulmouv.com\/index.php\/qui-sommes-nous\/#breadcrumb"},"inLanguage":"fr-BE","potentialAction":[{"@type":"ReadAction","target":["https:\/\/stimulmouv.com\/index.php\/qui-sommes-nous\/"]}]},{"@type":"ImageObject","inLanguage":"fr-BE","@id":"https:\/\/stimulmouv.com\/index.php\/qui-sommes-nous\/#primaryimage","url":"https:\/\/stimulmouv.com\/wp-content\/uploads\/2026\/02\/Logo1.png","contentUrl":"https:\/\/stimulmouv.com\/wp-content\/uploads\/2026\/02\/Logo1.png","width":670,"height":511},{"@type":"BreadcrumbList","@id":"https:\/\/stimulmouv.com\/index.php\/qui-sommes-nous\/#breadcrumb","itemListElement":[{"@type":"ListItem","position":1,"name":"Accueil","item":"https:\/\/stimulmouv.com\/"},{"@type":"ListItem","position":2,"name":"Qui sommes-nous ?"}]},{"@type":"WebSite","@id":"https:\/\/stimulmouv.com\/#website","url":"https:\/\/stimulmouv.com\/","name":"Stimul&#039;Mouv","description":"Stimulation cognitive et motrice pour tous les \u00e2ges","publisher":{"@id":"https:\/\/stimulmouv.com\/#organization"},"potentialAction":[{"@type":"SearchAction","target":{"@type":"EntryPoint","urlTemplate":"https:\/\/stimulmouv.com\/?s={search_term_string}"},"query-input":{"@type":"PropertyValueSpecification","valueRequired":true,"valueName":"search_term_string"}}],"inLanguage":"fr-BE"},{"@type":"Organization","@id":"https:\/\/stimulmouv.com\/#organization","name":"Stimul&#039;Mouv","url":"https:\/\/stimulmouv.com\/","logo":{"@type":"ImageObject","inLanguage":"fr-BE","@id":"https:\/\/stimulmouv.com\/#\/schema\/logo\/image\/","url":"https:\/\/stimulmouv.com\/wp-content\/uploads\/2026\/02\/cropped-Logo1-1.png","contentUrl":"https:\/\/stimulmouv.com\/wp-content\/uploads\/2026\/02\/cropped-Logo1-1.png","width":631,"height":466,"caption":"Stimul&#039;Mouv"},"image":{"@id":"https:\/\/stimulmouv.com\/#\/schema\/logo\/image\/"}}]}},"_links":{"self":[{"href":"https:\/\/stimulmouv.com\/index.php\/wp-json\/wp\/v2\/pages\/84","targetHints":{"allow":["GET"]}}],"collection":[{"href":"https:\/\/stimulmouv.com\/index.php\/wp-json\/wp\/v2\/pages"}],"about":[{"href":"https:\/\/stimulmouv.com\/index.php\/wp-json\/wp\/v2\/types\/page"}],"author":[{"embeddable":true,"href":"https:\/\/stimulmouv.com\/index.php\/wp-json\/wp\/v2\/users\/1"}],"replies":[{"embeddable":true,"href":"https:\/\/stimulmouv.com\/index.php\/wp-json\/wp\/v2\/comments?post=84"}],"version-history":[{"count":4,"href":"https:\/\/stimulmouv.com\/index.php\/wp-json\/wp\/v2\/pages\/84\/revisions"}],"predecessor-version":[{"id":101,"href":"https:\/\/stimulmouv.com\/index.php\/wp-json\/wp\/v2\/pages\/84\/revisions\/101"}],"wp:featuredmedia":[{"embeddable":true,"href":"https:\/\/stimulmouv.com\/index.php\/wp-json\/wp\/v2\/media\/6"}],"wp:attachment":[{"href":"https:\/\/stimulmouv.com\/index.php\/wp-json\/wp\/v2\/media?parent=84"}],"curies":[{"name":"wp","href":"https:\/\/api.w.org\/{rel}","templated":true}]}}